 17.
4
Calculate the remainder when 731 is divided by 3/(-25 + 0 + 24 + 44/43).
86
Suppose -3*c = 2*o - 227, -3*o + 7*o - 2*c = 414. Suppose o = 4*a + p, -8*p + 12*p = -5*a + 138. What is the remainder when a is divided by 9?
8
Suppose 0 = 4*d - 113 + 673. Let y be 1*(-4)/(-6) + d/21. What is the remainder when ((-2)/((-2)/(-23)))/(2/y) is divided by 12?
9
Let l(b) = 8*b**2 + 237*b + 129. Calculate the remainder when l(-31) is divided by 34.
28
Suppose -71 = -5*i + 9. Suppose -4*u - i = -20. Suppose -2*m = -5*a + 59, a + m - 5*m = u. What is the remainder when a is divided by 2?
1
Let m(y) = -3*y**3 + 3*y**2 + 5*y + 7. Let v(t) = -2*t**2 + 2*t + 2. Let l be v(2). Calculate the remainder when 130 is divided by m(l).
31
Let y be (25/20*-1)/((-1)/(-60)). Let f = y + 86. What is the remainder when 294 is divided by f?
8
Suppose -a - 12 = -3*q, 4*q + 0*a - 32 = -4*a. Suppose 2*w + 83 = q*k, 5*k + 0*w + 2*w = 87. Calculate the remainder when 118 is divided by k.
16
Suppose 2*n = 9*n + 413. Let g = n - -89. Let l = 71 - g. Calculate the remainder when 81 is divided by l.
40
Suppose -9*q = -53 + 26. Calculate the remainder when 118 is divided by -8*q*((-36)/8 - -4).
10
Suppose -4*n - c + 56 = 0, 5*c - 38 = -2*n + 2*c. Let a be (13/(-52) + 2/8)/(-2). Suppose a = 8*m - 4*m - 96. Calculate the remainder when m is divided by n.
11
Suppose 2*g = 0, -4*n - g - 3*g = 224. Let x = n + 62. Suppose 4*v - 4*y - 181 = -v, 86 = 2*v - 5*y. What is the remainder when v is divided by x?
3
Let h be 96/3*(10/4 + -2). Suppose 0 = h*r - 19*r + 9. What is the remainder when 45 is divided by r?
0
Let b = -42 - -72. Suppose 28*z + 2690 = 38*z. What is the remainder when z is divided by b?
29
Let v(a) = -8 - a + 6*a + 0*a - 1. Calculate the remainder when (-200)/(-4) - -12*7/14 is divided by v(5).
8
Suppose 4*f - 260 = -4*b, 2*f + 356 - 24 = 5*b. Suppose -b*t = -1184 - 598. What is the remainder when 31 is divided by t?
4
Let v = 36 - 19. Let f = 44 - 161. Let x = -67 - f. Calculate the remainder when x is divided by v.
16
Let y be 4/14 - (-40)/7. Suppose -4*a - 52 = -y*a. Let o(k) = 2*k**2 + 14*k - 28. What is the remainder when a is divided by o(-9)?
2
Suppose -39 = 18*x + 87. What is the remainder when 54 is divided by 6/(x/(7 + -14))?
0
Suppose -3*n - n + 4274 = 2*d, -d = 5*n - 5344. Suppose 143 = n*y - 1058*y. Let a(m) = -2*m - 2. What is the remainder when y is divided by a(-6)?
3
Let m(p) = 15*p + 113. Let z(l) = 16*l + 113. Let v(i) = 3*m(i) - 2*z(i). What is the remainder when 38 is divided by v(-7)?
16
Let c(r) = -5*r**2 + 31*r + 9. Let k(w) = 4*w**2 - 30*w - 8. Let j(t) = -2*c(t) - 3*k(t). Calculate the remainder when 41 is divided by j(14).
5
What is the remainder when (99/(-55))/(18/(-6600)) is divided by 108?
12
Suppose -o + 2*m + 1452 = 0, 30*m = 2*o + 32*m - 2898. What is the remainder when o is divided by 52?
46
Let i(v) = 4*v**2 - 12*v + 13. Let w be i(3). Let b = 142 + -29. Suppose -2*n + 3*u + b = w, 3*u = -4*n + 200. What is the remainder when n is divided by 18?
14
Suppose 3*b - 5*d - 1926 = 0, -2*b - 153*d + 1276 = -155*d. What is the remainder when b is divided by 16?
8
Let o = -37 + 70. Let g = -183 + 177. What is the remainder when o is divided by 22 + (g + 5 - 4)?
16
Let y(j) = -38*j**2 + 549*j - 13. Calculate the remainder when y(12) is divided by 1103.
0
Let v = 5028 + -4965. Calculate the remainder when 90 is divided by v.
27
Suppose -3*h + 102 = -0*h. Suppose 19*y + 2*j = 23*y - 38, 40 = 4*y - 4*j. What is the remainder when h is divided by y?
7
Let r be (0 - (-1416)/15)*(-14 - -9). What is the remainder when 83 is divided by r/(-36) + (-2)/18 - 1?
11
Suppose 0 = -t + 5*g + 158, 2*t = 7*t + 2*g - 736. What is the remainder when 232 is divided by t?
84
Suppose 10128*x - 10138*x + 10100 = 0. Calculate the remainder when x is divided by 102.
92
Let m = 8559 + -8540. Calculate the remainder when 8605 is divided by m.
17
Let n = -12784 - -12793. Calculate the remainder when 570 is divided by n.
3
Let x be 5/15 - (-87)/9. Let g = 9 - x. Calculate the remainder when (g - (-3)/(-3))*-2 is divided by 4.
0
Suppose -20541 + 83615 + 128287 = 227*t. What is the remainder when t is divided by 8?
3
Let i be 4/9 - 2208/108. Calculate the remainder when 29 is divided by (-15)/i + ((-135)/(-12) - 0).
5
Suppose -11263 - 2705 = -48*b. What is the remainder when b is divided by 20?
11
Let j(c) = -c**3 + 5*c**2 - 2*c + 41. Let h be j(6). Calculate the remainder when 106 + (h/(-4) - 7/(-28)) is divided by (200/28 + -4)/(1/7).
20
Let n(u) = -12*u + 137. Let s be n(11). Calculate the remainder when 57 is divided by s*((-39)/(-6) - 1/(-2)).
22
What is the remainder when (-182)/(-6) - (-2)/3 is divided by (-11)/(-110)*0 - 6*(-2)/4?
1
Suppose -18*d = -7347 - 8457. Suppose 0 = 35*l - 277 - d. Calculate the remainder when 230 is divided by l.
32
Suppose -3*g + g + n = -147, n = 3*g - 220. Suppose 7*t + g = 227. Calculate the remainder when (-4)/t + (321/11 - 5) is divided by 9.
6
Let v(q) = -3. Let h(f) = -23*f - 72. Let b(o) = h(o) - 5*v(o). What is the remainder when 173 is divided by b(-5)?
57
Suppose -7*o - 20*o = -36*o + 1575. Calculate the remainder when o is divided by 70.
35
Let b(i) = 3*i + 15. Let t be b(-5). Suppose m - 7 - 1 = t. Let z = 22 - 5. Calculate the remainder when z is divided by m.
1
Suppose -5*g - n - 4 = 0, -4*g = -n - 4*n - 20. Suppose 2*r - 7*r + 65 = g. Let c(o) = -o - 10. What is the remainder when r is divided by c(-15)?
3
Let m(p) = -43*p - 71. Let o be m(-2). Suppose 3*n = 5*n - 24. What is the remainder when (12/8)/(o/270) is divided by n?
3
Let i(b) = -2134*b - 1001. Calculate the remainder when i(-1) is divided by 54.
53
Let c be 17 - 17 - (2 - 5). Suppose q - c*j - 28 = -q, 2*q - 16 = -3*j. What is the remainder when 23 is divided by q?
1
Let t(b) = b**2 - 55*b - 4983. Calculate the remainder when 2386 is divided by t(-49).
13
Calculate the remainder when 634 is divided by ((-6)/7)/((1320/154)/(-6))*230.
82
Let j(q) = 4*q**2 - 2*q - 3. Let v be j(3). Suppose -4*s + v + 29 = 0. What is the remainder when 106 is divided by s?
8
Let q(a) = 19*a**2 + 63*a + 25. What is the remainder when q(-12) is divided by 287?
283
Let o(u) = 4*u - 9. What is the remainder when ((-12)/16)/((-3)/(-1050)*3/(-2)) is divided by o(6)?
10
Let g = 42 + -10. Let l = 156 - 87. Suppose -l = -7*m + 50. Calculate the remainder when g is divided by m.
15
Let d(x) = 2*x**3 + 67*x**2 - 105*x + 43. What is the remainder when d(-35) is divided by 616/40 - (-2)/(-5)?
13
Suppose 0*f - 2100 = -4*h - 2*f, 2*f = -3*h + 1574. Calculate the remainder when h is divided by 88.
86
Let g = -20 + 22. Suppose g*p = -p + 63. What is the remainder when ((-18)/15)/(-3) - 403/(-5) is divided by p?
18
Let r(w) = -17*w. What is the remainder when 10/(-15) - 344424/(-1017) is divided by r(-2)?
32
Suppose -2*w - 2*r + 968 = 0, 5*w + 2*r = 1283 + 1125. Suppose 29*a - 5*a - w = 0. What is the remainder when a is divided by 14?
6
Let x = -95 - 42. Let k = x + 145. What is the remainder when k is divided by 2?
0
Suppose -3*a = 2*o - 15, o = -0 + 3. Let m(x) = -a*x + 3*x - 36 - 11*x + 0*x. Calculate the remainder when 153 is divided by m(-8).
49
Calculate the remainder when 955 is divided by -2*2/(-12)*21804/79.
35
Let d = 440 + -427. What is the remainder when 96 is divided by d?
5
Let q = 86 + -71. Suppose 21*k - 4384 = -1612. What is the remainder when k is divided by q?
12
Let j = -13861 + 13918. What is the remainder when 338 is divided by j?
53
Let c(v) = -8*v - 38. Suppose 4*b - 5*b + 17 = 0. Let t(p) = 3*p + 13. Let n(z) = b*t(z) + 6*c(z). Calculate the remainder when 149 is divided by n(15).
35
Let b = -6 - -11. Suppose -1 = 4*n - b. What is the remainder when 8 + (-1 - (-4 + 9)) is divided by n?
0
Suppose c = 3, -4*q + 7*q - 9 = 2*c. Suppose -2*i - q*j = -939 + 58, 0 = -3*i + 3*j + 1269. What is the remainder when i is divided by 13?
12
Let n be (-30 + 3)*(-1)/3. Let p(h) = -2*h + 20. Let a be p(n). Suppose 2*u = 0, 0*i - a*i = 2*u - 138. What is the remainder when i is divided by 18?
15
Suppose -2*v = -991 + 213. Suppose 0 = 2*q - 5*q + 117. Calculate the remainder when v is divided by q.
38
Let w be (-267)/(-356)*3*(-8)/(-6). Let q(a) = 3*a + 36. What is the remainder when q(w) is d